18981 + 35613. Let q = -8813 + p. Is q prime?
False
Suppose 0 = -4*s - 2*a + 7706, -2*a + 0*a - 7710 = -4*s. Is s a composite number?
True
Is (-1022054)/(-154) + 4/14 a prime number?
True
Let j = -22 + 424. Let n = j - 104. Is n composite?
True
Let q = 44 + 14483. Is q composite?
True
Let o = 49 - 53. Is -5 - ((o - -4) + -1908) prime?
False
Suppose -4*g = -5*m + g + 4685, -5*g - 25 = 0. Suppose -b - 3*n = 0, -2*b - 2*n = -b. Suppose b = 4*y - 0*y - m. Is y a composite number?
False
Let n be 102/(3 - 1) + -4. Suppose 0 = -3*y + 307 + n. Suppose -2*k + b = -381, k + 4*b - y = 77. Is k composite?
False
Suppose -p = i - 945 - 329, -p + 5087 = 4*i. Is i composite?
True
Let r(u) = -u**2 - 110*u - 107. Is r(-44) prime?
True
Let t(j) be the second derivative of -j**4/12 + 17*j**3/6 - 11*j**2/2 + 17*j - 3. Let k be (17 - -1)*(-8)/(-12). Is t(k) a prime number?
False
Let z be (2 + 0 - 6)/(-1). Suppose z*s - 3*d = 21, 0 = -0*s - 3*s - d + 19. Suppose 508 = s*x - 2*x. Is x a composite number?
False
Let a = 735 + 11116. Is a composite?
True
Let w(b) = b**2 - 4*b + 5. Let p be w(0). Suppose 2*q - p*q = -7971. Is q composite?
False
Let z(n) = -113*n - 224. Is z(-15) composite?
False
Let h(s) = -13306*s + 167. Is h(-5) a prime number?
True
Is (-6)/(-15) + 2 + (-54415)/(-25) composite?
False
Suppose 7*b + 3448 = 186. Let w = 998 - 1867. Let f = b - w. Is f prime?
False
Let r be ((-8)/3 - -6) + (-4)/(-6). Suppose r*t - t = 363. Is t prime?
False
Let q(i) = 538*i**2 + 16*i + 77. Is q(-7) a prime number?
False
Suppose -2*z + 85 = 3*h, 2*h = 4*z + 6 - 200. Let y = 196 - -36. Suppose -3*u + z = -y. Is u a composite number?
True
Let y = 6 - 10. Let a(j) = -22*j - 7. Let u(d) = 550*d + 176. Let t(n) = y*u(n) - 99*a(n). Is t(-4) a prime number?
False
Suppose -6*w + 329 = w. Let p = w + 251. Is p composite?
True
Let f = 289 - 36. Let t = 42 + f. Is t a composite number?
True
Let g = 11 - 18. Let f = 3 + g. Is (29/2)/(f/(-24)) a prime number?
False
Suppose -11*g = -8*g - 15. Suppose -g*m + 834 = -586. Is m/3 - 4/(-12) prime?
False
Suppose 44*g + 18398 = 46*g. Is g prime?
True
Let o = 103 - 62. Suppose 2*i - 266 = 4*z, 3*i - o - 356 = 4*z. Is i a prime number?
True
Is 58747/31 + (-106)/1643 a prime number?
False
Let m = -1438 - -5973. Is m a composite number?
True
Let c(v) be the second derivative of v**5/20 - 2*v**4/3 + 7*v**3/6 + v**2 - 8*v. Is c(9) a prime number?
False
Suppose -6*w = 44*w - 431950. Is w a prime number?
False
Let q = -3 - -6. Suppose 3*p - 814 + 52 = 0. Is (-3)/(-3 - q)*p prime?
True
Suppose -2*g - 6 = 2, 0 = q + 2*g - 693. Suppose -4*j + 1239 = -q. Is j a prime number?
False
Suppose 2*x - x = 0, -r - 5*x + 362 = 0. Let h = 568 - r. Is h a prime number?
False
Let g = 4779 + 376. Is g a composite number?
True
Is ((-3)/6)/(38035/6340 + -6) a composite number?
True
Let o = -751 + 386. Let d = 216 - o. Is d prime?
False
Let q(z) = 5*z**2 + 12*z + 10. Let g be 1/2 + 189/(-18). Let n be q(g). Suppose -4*m - 3*y + 639 + 86 = 0, 0 = -2*m + 4*y + n. Is m composite?
True
Let r = 15 - 2. Suppose 10*p = r*p. Suppose a - u - 374 = p, 3*a + u - 1227 + 85 = 0. Is a a composite number?
False
Let w(k) = -k - 2. Let d be w(-7). Suppose d*i + 5*z - 35 = 0, 3*i + i - 31 = -5*z. Suppose 3*t - 936 = -3*l, -i*l + 1351 = t + 118. Is l a composite number?
False
Let g(o) = -16*o + 3. Let w(t) = -49*t + 10. Let k(m) = -8*g(m) + 3*w(m). Is k(-15) a composite number?
True
Suppose -3*s - 2*s - g + 1 = 0, -2*g - 6 = 2*s. Let q be (-290)/(-5) - (0 + s). Suppose 3*a - 114 - q = 0. Is a a prime number?
False
Let u = -7 + 10. Suppose u*w = -0 - 9, -2*i + 3 = 3*w. Suppose 4*b + 16 = 0, -268 = -i*z + 2*z + 5*b. Is z a composite number?
True
Let t be 1330/(-7)*16/(-2). Suppose r = -5*i + 12 + 18, 5*i = -5*r + 50. Suppose 3*z + t = m + 6*z, -7665 = -r*m - 2*z. Is m a prime number?
False
Let g = 13 + -8. Suppose -4*h - x + 138 + 248 = 0, g*h = -2*x + 484. Suppose -5*m + 2*u = -459, -m = -3*u - h + 12. Is m a prime number?
False
Suppose 3*y + 4*w + 3 = 0, 3*y + 3 = -w - 0*w. Let q(c) = -318*c**3 - 2 + 1 + 0 - c + c**2. Is q(y) a composite number?
True
Suppose 3*c + 0 = 6. Let j = 6 - c. Suppose -395 = -j*s - s. Is s a composite number?
False
Let v = -14 + 19. Suppose -5*w = 2*l - 618 - 83, 0 = -l - v*w + 348. Is l a prime number?
True
Suppose -2*t + 3012 = 3*f, 4*f - 3*t + 416 = 4432. Let i = f + 581. Is i prime?
False
Suppose -v + 3*y + 4 = 3*v, 5*y = 5*v - 10. Is v/(1*2/(-535)) a prime number?
False
Let g(z) = 9*z**2 + 8*z - 12. Let b(k) = -k - 5. Let f be b(-7). Suppose r = -f*l + 5 - 16, -2*l = -2*r - 10. Is g(r) a composite number?
False
Suppose 2*a = -11*a + 39. Suppose -4*q = -a*c + 1371, -q + 3*q + 1828 = 4*c. Is c prime?
True
Suppose -3724722 = -40*o + 220598. Is o prime?
False
Let o(s) = -15*s**3 + 4*s**2 + 2*s - 8. Let k(m) = -16*m**3 + 4*m**2 + 2*m - 9. Let z(i) = -5*k(i) + 6*o(i). Is z(-2) a prime number?
True
Let v(d) = -2*d**3 - 49*d**2 - 73*d - 5. Is v(-24) composite?
False
Let u be (-8)/8*-3*53. Suppose 0 = -a + 342 + u. Is a a prime number?
False
Suppose n = 4*v - 20, 5*n + 4 - 24 = -4*v. Suppose v*x - c = 24, -4*x + 25 = c + 4. Suppose u - 7 = -4*i, 4*u + x*i - 4 = 24. Is u prime?
True
Let c(x) be the third derivative of 53*x**5/10 + x**3/6 - 5*x**2. Is c(1) a composite number?
True
Let l(m) be the first derivative of -9*m**2 + m + 2. Let b be l(5). Let g = -34 - b. Is g a composite number?
True
Let n(c) = -59*c - 8. Let d(g) = 29*g + 4. Let o(x) = -11*d(x) - 6*n(x). Suppose -b + 3*i + 18 = 0, -b = -2*i - 0*i - 13. Is o(b) a prime number?
True
Let t(n) = -n**3 + 2*n**2 + 3*n - 2. Let p be t(2). Is -5 + (-9030)/(-24) + (-1)/p prime?
False
Suppose 5*q + 5*m = 90095, 12*q - 72072 = 8*q - 2*m. Is q composite?
True
Let w = -132533 - -187054. Is w composite?
False
Suppose 5*m = 25, -5*m = -3*o + 16760 + 85974. Is o composite?
False
Is 17375 - 1/(3 + 14/(-4)) prime?
True
Let g be ((-46)/(-161))/(2/28). Suppose -5*p + g*o + 0*o = -20165, 3*o = 3*p - 12096. Is p composite?
True
Let r(v) = 3*v + 6. Let m be r(-9). Let b = 151 - 108. Let u = m + b. Is u a composite number?
True
Let m be (168/(-210) - 6/(-70))*-7. Suppose 0 = -2*t + t. Suppose t = -m*p - 3*z + z + 213, p - 42 = -z. Is p a prime number?
True
Let g = -8 - -4. Let h(f) = -7*f + 3. Let v be h(g). Suppose y + j = 5 + v, 2*j - 165 = -5*y. Is y a prime number?
True
Let v = 7 - 6. Let j be (2 - 82/2)*v. Let s = j - -65. Is s a prime number?
False
Is 6 - (-19908 - (-6 + 5)) prime?
True
Let l(t) = 2*t**3 - 17*t**2 - t - 6. Let j be l(12). Let g = -503 + j. Is g a prime number?
True
Let v(r) = r**3 - 5*r**2 + 4*r + 1. Let l be 102/14 + 2/(-7). Is v(l) prime?
True
Let i = -3817 - -6980. Is i a composite number?
False
Let o(h) = 17*h - 1. Let t be o(-7). Let x = -222 - t. Let y = x + 235. Is y prime?
False
Suppose -10*d + 5*d - 2*r + 98591 = 0, 4*d = -r + 78871. Is d prime?
True
Suppose 17 + 19 = -9*k. Let i(n) = -41*n**3 + 5*n**2 + n + 5. Is i(k) prime?
False
Suppose -6286 - 4529 = -5*f + 2*s, -3*f + 6468 = 3*s. Is f a composite number?
False
Suppose -5*u + 4*h + 0*h - 358 = 0, -4*h = -4*u - 288. Let a be (-11870)/u - (-6)/14. Let b = a - -29. Is b composite?
False
Let r = 320 + -136. Suppose r = 5*t - t. Is t a prime number?
False
Let b = 939 - 556. Is b prime?
True
Suppose 9*m - 12*m = k - 10117, 0 = 3*k + 3*m - 30351. Is k a composite number?
True
Let i be -1*(12/1)/(-4). Suppose 19 - i = h. Is h/4*(-11)/(-4) a prime number?
True
Suppose 13*o - 10*o - 975 = 0. Suppose -3*q = -4*g + 1504, -4*q = -3*g - o + 1446. Is g prime?
True
Let a(u) = 8*u - 22. Let q be a(3). Suppose 6 - 100 = -q*d. Is d a prime number?
True
Suppose -4*y + 14 = 2. Suppose -y*z + 170 = 5. Suppose -5*o = -0*o - z. Is o a prime number?
True
Let b(z) = z**3 + 11*z**2 + 7. Let t be b(-11). Is (-2 + 3864)/(t - 5/1) a composite number?
False
Let v = -99 + 92. Let y(l) = -7 + 3*l - l**3 - 6*l**2 + 0*l**3 + 14. Is y(v) a prime number?
False
Let g = 239 - -504. Is g composite?
False
Let t(a) = a + 4. Let i be t(0). Is (-42724)/(-36) + i/18 a composite number?
False
Let v = -16 - -29. Suppose -v*j = -9*j - 1652. Is j a prime number?
False
Let x be 3/((-12)/8) - -6. Let b(r) = 3*r**3 - r**2 - 6*r + 5. Is b(x) composite?
False
Suppose -5*k - 5*r = -3*k + 25, 3*r +